 divisor of 306 and 12732?
6
Calculate the greatest common factor of 1803582 and 90.
18
What is the greatest common divisor of 3552 and 81?
3
Calculate the highest common factor of 31413 and 111.
111
What is the highest common factor of 101598 and 2009?
287
Calculate the highest common factor of 1912 and 35611.
239
Calculate the greatest common factor of 1872 and 129285.
117
Calculate the greatest common factor of 3393 and 1287.
117
Calculate the highest common divisor of 107324 and 28.
28
Calculate the greatest common factor of 136730 and 5085.
565
Calculate the highest common factor of 864 and 12015.
27
Calculate the highest common factor of 105 and 1530935.
35
Calculate the greatest common factor of 63 and 13023.
9
Calculate the greatest common factor of 7 and 2056789.
7
Calculate the highest common factor of 13746 and 9480.
474
What is the highest common factor of 936989 and 51?
17
Calculate the greatest common divisor of 62804 and 175.
7
What is the highest common factor of 24047 and 865?
173
What is the highest common factor of 23 and 161207?
23
Calculate the greatest common divisor of 3430 and 32928.
686
What is the greatest common divisor of 88 and 4477?
11
What is the greatest common divisor of 72 and 10683?
9
What is the greatest common factor of 7820 and 11776?
92
What is the highest common divisor of 7425 and 6831?
297
Calculate the highest common factor of 21340 and 69432.
44
Calculate the highest common factor of 6526016 and 392.
392
What is the greatest common factor of 3336 and 174288?
24
What is the highest common factor of 19831 and 14?
7
Calculate the greatest common factor of 19974 and 18.
6
Calculate the highest common divisor of 16130 and 190.
10
What is the greatest common divisor of 1748 and 613111?
437
Calculate the highest common factor of 888 and 1244088.
888
What is the greatest common divisor of 1034 and 4900643?
517
What is the highest common divisor of 32 and 70904?
8
What is the greatest common divisor of 812643 and 67?
67
Calculate the highest common divisor of 1036 and 39109.
259
What is the greatest common factor of 109215 and 675?
135
What is the highest common divisor of 24 and 111516?
12
What is the highest common divisor of 4890 and 499106?
326
What is the greatest common factor of 122037 and 1577?
19
Calculate the greatest common factor of 391036 and 2204.
116
What is the highest common divisor of 161 and 301?
7
What is the greatest common divisor of 6533 and 98829?
139
What is the highest common factor of 1651 and 41366?
13
What is the greatest common factor of 2786 and 62486?
398
What is the greatest common divisor of 380 and 95380?
380
What is the greatest common factor of 8175 and 1575?
75
What is the highest common divisor of 94344 and 12?
12
What is the greatest common factor of 1106 and 91166?
158
What is the greatest common factor of 204 and 2268?
12
What is the greatest common divisor of 264 and 913572?
132
What is the greatest common divisor of 8789 and 374?
187
What is the highest common factor of 1133265 and 3?
3
Calculate the greatest common factor of 337785 and 1785.
105
Calculate the greatest common factor of 146727 and 306.
153
What is the greatest common factor of 10701 and 5412?
123
What is the greatest common divisor of 5 and 5135995?
5
Calculate the highest common divisor of 1099 and 99381.
157
What is the highest common divisor of 447960 and 660?
60
What is the highest common factor of 1400 and 34280?
40
What is the greatest common factor of 45 and 121075?
5
What is the highest common divisor of 118 and 9381?
59
What is the greatest common factor of 155 and 8928?
31
What is the highest common factor of 59267 and 2619?
97
What is the greatest common factor of 10 and 68990?
10
Calculate the greatest common factor of 48332 and 172.
172
Calculate the highest common divisor of 144 and 78928.
16
What is the highest common factor of 13328 and 2548?
196
Calculate the highest common factor of 391 and 979829.
17
Calculate the highest common factor of 39037 and 26909.
379
Calculate the greatest common factor of 2356038 and 190.
38
Calculate the highest common divisor of 8928 and 63333.
279
Calculate the highest common factor of 2944 and 2535152.
368
Calculate the highest common factor of 3197121 and 2118.
1059
Calculate the greatest common divisor of 16599 and 18611.
503
What is the highest common divisor of 108 and 2366766?
54
Calculate the highest common divisor of 2411 and 9.
1
Calculate the greatest common factor of 609807 and 561.
561
What is the greatest common factor of 6403 and 152?
19
Calculate the greatest common divisor of 7678472 and 8.
8
Calculate the greatest common divisor of 30 and 4330.
10
Calculate the highest common factor of 133 and 323.
19
Calculate the greatest common divisor of 14469 and 336.
21
Calculate the greatest common divisor of 1365 and 313586.
91
What is the greatest common factor of 13988 and 6487?
13
What is the greatest common divisor of 5860 and 3050?
10
What is the greatest common divisor of 3978 and 185742?
306
Calculate the greatest common divisor of 399094 and 82.
82
Calculate the greatest common factor of 9690 and 17100.
570
Calculate the highest common divisor of 45054 and 72.
18
What is the greatest common factor of 1378 and 5088?
106
What is the highest common divisor of 81870 and 480?
30
What is the greatest common factor of 1450 and 17835?
145
Calculate the greatest common factor of 1560480 and 360.
120
What is the greatest common divisor of 26724 and 408?
204
Calculate the highest common divisor of 6 and 759261.
3
What is the greatest common divisor of 2185 and 51635?
115
Calculate the highest common divisor of 3955 and 245.
35
Calculate the highest common factor of 36 and 168327.
9
Calculate the greatest common divisor of 8703 and 16439.
967
Calculate the highest common divisor of 87 and 49387.
29
Calculate the greatest common factor of 11424 and 68238.
102
What is the highest common factor of 29725 and 287?
41
What is the greatest common factor of 7188972 and 552?
276
What is the highest common factor of 120761 and 788?
197
Calculate the greatest common factor of 2576 and 34132.
644
What is the greatest common divisor of 16548 and 484?
4
Calculate the greatest common divisor of 590 and 1921158.
118
What is the greatest common divisor of 10816 and 143?
13
What is the highest common divisor of 68728 and 24?
8
What is the greatest common factor of 298259 and 13?
13
What is the greatest common divisor of 228449 and 13?
13
Calculate the greatest common factor of 7363 and 333.
37
What is the greatest common factor of 66366 and 81?
27
Calculate the greatest common factor of 3880919 and 7.
7
What is the greatest common divisor of 5551294 and 868?
434
Calculate the highest common divisor of 149674 and 21.
7
What is the highest common factor of 235033 and 1525?
61
What is the greatest common divisor of 459 and 2781?
27
What is the greatest common divisor of 450 and 489825?
225
What is the highest common factor of 22101 and 1807?
139
Calculate the highest common factor of 3026 and 1802.
34
What is the greatest common divisor of 2 and 23806?
2
Calculate the highest common factor of 151 and 572743.
151
Calculate the greatest common factor of 454369 and 53.
53
What is the highest common divisor of 238 and 54077?
17
Calculate the greatest common divisor of 1336 and 313793.
167
Calculate the highest common divisor of 703 and 5439.
37
What is the highest common factor of 3632 and 2897428?
908
What is the greatest common divisor of 4 and 3362?
2
What is the greatest common factor of 3127 and 2279?
53
What is the highest common divisor of 6474 and 35230?
26
What is the highest common factor of 20 and 336170?
10
What is the highest common divisor of 2520 and 3654?
126
Calculate the highest common divisor of 380 and 19988.
76
Calculate the highest common divisor of 2242 and 1711.
59
Calculate the greatest common divisor of 265 and 13303.
53
What is the highest common factor of 2380 and 335920?
340
Calculate the greatest common factor of 74 and 954267.
37
What is the highest common factor of 609 and 1848?
21
What is the highest common divisor of 427 and 57096?
61
Calculate the highest common factor of 10996 and 1412.
4
What is the greatest common divisor of 3550 